 -o = 3*o - 4*s + 20, -13 = o - 5*s. What is g(o)?
-9
Let b(d) = 8*d**3 - d**2 - d + 1. Let t(q) = -2*q + 5 - 6*q - 4 - q**2 + 9. Let s be t(-7). Let v = -16 + s. What is b(v)?
7
Let f(q) = 2*q - 37. Let t be f(14). Let o(i) be the third derivative of -i**5/60 - 7*i**4/24 + 11*i**3/6 + 2*i**2. Calculate o(t).
-7
Let k(f) = -1 + 151*f**2 - f**3 + f**3 + 2*f - 152*f**2 + 5*f**3. Suppose -2*i - 3*i - 10 = 0. Let p be (4/(2/(-1)))/i. Give k(p).
5
Let k(h) = -346*h**3 + 11*h - 5*h**2 + 682*h**3 - 337*h**3 - 3*h + 7. Let w be 1/((14/(-12))/7). Determine k(w).
-5
Let a(x) = -x**2 + 9*x + 5. Suppose 0 = 13*c - 14*c + 9. What is a(c)?
5
Let j be ((1 - 6) + 2)*-1. Let z(f) = 5*f**2 + 2*f**2 - 7*f - 1 + 13*f**3 + 4*f**j - 18*f**3. Calculate z(6).
-7
Let i(a) = a**3 + 4*a**2 - 6*a + 5. Suppose j - 2*j + 5 = 2*c, -j + 20 = 5*c. Give i(j).
10
Let s = -864 + 864. Let v(d) = d - 13. What is v(s)?
-13
Let b(r) = -4*r**2 + 2*r - 5. Let z(s) = -s + 2. Let j(t) = -2*b(t) - 6*z(t). Give j(2).
34
Let i(v) = -v**2 + v - 13. Let h(s) = s**2 - 6*s - 2. Let d be h(6). Let b = d + 7. Suppose -4*a = -3*a + b*z + 20, -12 = 3*a + 3*z. What is i(a)?
-13
Suppose 5*b + 3*i - 7*i - 10 = 0, b - i - 2 = 0. Suppose 8 + b = 2*c. Let u(g) = -5*g + 2*g**2 + c*g - 2 + 4*g - 3*g. Calculate u(2).
8
Let o(m) be the first derivative of 17*m**3/3 + m**2/2 + m + 6. Suppose -2*a = -4*n - 18, -4*a - a - 30 = 5*n. Calculate o(a).
17
Let r(z) = 15*z + 42. Let h(n) = 39*n + 128. Let x(u) = -3*h(u) + 8*r(u). Calculate x(17).
3
Let a(o) = 7*o**2 + 4*o + 5. Let c(v) = v**2 + v + 1. Let b(l) = a(l) - 4*c(l). Let s = 142 - 141. What is b(s)?
4
Let z(q) be the first derivative of 0*q**2 - 2/3*q**3 - 4 + q + 5/2*q**4. Let p(b) = 2*b + 15. Let l be p(-7). Determine z(l).
9
Let p be 1/2 + 7/(-14). Let q(s) = -185*s**2 + s + s**3 + 9 + 186*s**2 + 1. Determine q(p).
10
Let f(j) = j**3 + 4*j**2 + j - 1. Let g be 9*((-4)/(-2))/(-7 + 1). Suppose 7 - 2 = -5*h. Let s = g + h. Determine f(s).
-5
Let b be (-44)/(-7) - 4/14. Let y(f) = -f + b + 29*f**2 - 17*f**2 - 18*f**2 + f**3. Let p = -13 + 19. Determine y(p).
0
Let d(c) be the second derivative of c**4/12 - 7*c**3/3 - c + 94. Calculate d(12).
-24
Suppose 1 = 3*k - 29. Let d(j) = j**2 - 10*j - 4. What is d(k)?
-4
Let a be ((-1)/(-2))/((-8)/(-32)). Suppose -13*t + 12*t = a. Let i(n) = n**2 - 2*n. What is i(t)?
8
Let l(a) be the second derivative of -a**8/6720 - a**7/504 + a**6/720 + a**5/24 - 7*a**4/6 - 13*a. Let t(p) be the third derivative of l(p). What is t(-5)?
0
Suppose 0 = -3*u - 2*u + 20. Suppose -17 = -u*d - 5. Suppose 22 = d*l + 10. Let p(v) = -v**3 + 4*v**2 + 2*v + 2. Give p(l).
10
Let x(v) = -4*v**2 + 11*v - 9. Let i(j) = -5*j + 3*j**2 - 5*j - 607 + 616. Let t(m) = -3*i(m) - 2*x(m). What is t(6)?
3
Let x(g) = g**3 - 2*g**2 + 3*g. Let p be x(2). Let z be p/(3/1) + 2. Suppose z*m - 15 = -m. Let i(r) = -r**2 + 2*r - 1. Determine i(m).
-4
Let c(j) be the first derivative of j**3/3 + 21*j**2/2 + 5*j + 406. Determine c(-21).
5
Let k be 6*6/16*(-8)/(-3). Suppose -4*d - j - 14 = 0, -k*d = -4*d - 5*j - 4. Let c(t) = t**2 - 2*t + 2. Calculate c(d).
17
Suppose -t = -n + 1, -n - 3*t - 6 = -3*n. Let w(p) = -2*p**2 + 2*p - 4. What is w(n)?
-28
Let f(l) = -l**3 + 2*l**2 + l + 2. Let q(w) = w**2 + 5*w - 1. Let s be q(-7). Suppose 1 = -4*m + s. Give f(m).
-4
Let k(z) = -z**3 + 8*z**2 + 4*z. Let j(x) = x**3 - 7*x**2 - 6*x + 1. Let u(t) = 3*j(t) + 2*k(t). Give u(7).
31
Suppose 3 = -5*g + m, -4*m + 12 = -g - 2*g. Let r(j) = 3*j + 117. Let p be r(-39). Suppose g*w - w - 3 = p. Let z(y) = -y**3 - 4*y**2 - 3*y - 3. Calculate z(w).
-3
Let f(o) = -4*o**2 + 2*o. Let s(z) = -19*z**2 + 10*z - 4. Let i(n) = -5*f(n) + s(n). What is i(3)?
5
Let n(m) be the first derivative of -m - 21 - 1/2*m**2. Give n(8).
-9
Let k(m) = -m + 3. Suppose 14*a - 15 = 9*a. Suppose -a*q = -33 - 12. Suppose 3*h + 3*f = -q, -4*h + 7*h - f = 5. What is k(h)?
3
Let l(z) = -z**2 + 4*z + 6. Let r be ((-30)/5 - -7)/(1/6). What is l(r)?
-6
Let t = 3 + -5. Let z = t + 0. Let p be (z/3)/((-4)/30). Let i(m) = m**3 - 6*m**2 + 5*m + 6. Calculate i(p).
6
Suppose 0 = -3*a - 2*v + 40, -16 = -4*a - 3*v + 36. Suppose 0 = 5*t - a + 1. Let o(w) = -6*w**3 - 6*w**t - 4*w + 4 + 11*w**3 - 7*w**2. Give o(-6).
-8
Suppose -5*v + 6 = -3*v. Let u be 3 + 2*(5 + -4). Let y(r) = 68*r**2 - u*r + 2*r - 67*r**2 - 4. What is y(v)?
-4
Let r(u) be the second derivative of -u**3/6 + u**2/2 + 60*u. Give r(7).
-6
Let h(k) = k**2 - 9. Let d(y) = 2*y**2 + y - 17. Let v = -42 + 38. Let f(i) = v*d(i) + 7*h(i). Let w be 3/(-9) + (-11)/3. Calculate f(w).
5
Let a = -356 + 346. Let n(c) = -c**2 - 9*c + 13. Calculate n(a).
3
Let h(y) = 2. Let n(t) = -12*t + 82. Let d(l) = -10*h(l) + n(l). What is d(6)?
-10
Let y(o) be the first derivative of -o**5/60 + o**4/24 + 3*o**2 + 7. Let r(d) be the second derivative of y(d). Let w = 2 - 3. Calculate r(w).
-2
Let q(t) = -t**3 - 9*t**2 + t + 7. Let v(h) = -2*h**2 + 30*h + 143. Let o be v(-4). Calculate q(o).
-2
Let m(y) = -3*y**2 + 9*y**2 - 2*y + 234 - 234. Determine m(-1).
8
Suppose 47 - 85 = 19*v. Let k(g) = 13*g**2 + g + 2. Give k(v).
52
Let i = -1 - -5. Let k = 1 - i. Let r(c) = -c**3 - 4*c**2 - 2*c - 1. Let a be r(k). Let u(x) = -x**2 - 4*x + 1. Determine u(a).
1
Let n(a) = a. Suppose g - 1 = 0, y + 4*g = 2*y + 9. Let d be (-1 - 5) + 2 + y. Let s = d - -10. Determine n(s).
1
Let p(t) = 2*t. Let r = -771 + 781. Determine p(r).
20
Let y(g) = -g**3 - g. Let o(a) = 7*a**3 - 6*a**2 + 11*a - 7. Let t(d) = o(d) + 6*y(d). What is t(5)?
-7
Let f(t) = t + 6. Let g(s) = -1. Let w = 19 + -18. Let a(k) = -k - 10. Let q(i) = w*a(i) - 4*g(i). Let h(m) = 5*f(m) + 4*q(m). Give h(-6).
0
Let a be (-28)/(-6)*(-99)/(-132)*-2. Let c(j) = j**3 + 7*j**2 - 8*j + 6. Calculate c(a).
62
Let t(j) = -j**2 - 1. Let z = -24 + 24. Suppose 1 = y - 3*c + 3, -4*c = z. What is t(y)?
-5
Let n(i) = 2*i - 2. Let o be n(3). Suppose o*k - 52 = -5*u, 4*k + 4*u - 60 = u. Suppose -4*s - d = -3*d + 30, 3*s + 3*d = -k. Let r(q) = q + 5. Calculate r(s).
-2
Let l(x) = -6*x + 4. Suppose 26*h + 7 = 29*h + f, -4*h + 4 = -4*f. Calculate l(h).
-8
Let p = -106 + 103. Let r(d) = -4*d + 4*d**2 + d + d**3 - 4 + 0*d + 6*d. Give r(p).
-4
Let k(a) = 2*a. Let j(u) = -u - 12. Let r(b) = j(b) - k(b). What is r(-6)?
6
Let h be (0 - -1) + -1 + 2. Let m(a) = -3*a + 0*a + h*a + 3 - 2*a. Suppose 6*s + 22 = 5*u + 2*s, 4*u + s = 5. Calculate m(u).
-3
Let n(t) be the third derivative of -t**6/360 - t**5/40 + t**4/4 + 10*t**2. Let h(b) be the second derivative of n(b). Calculate h(-3).
3
Let c = 41 + -39. Let u(m) = 26 + 2*m + c*m - 18 - 2*m. Give u(-6).
-4
Let h(f) = 6*f**2 - f. Let q(g) = -4*g - 4. Let n be q(12). Let t = -51 - n. Determine h(t).
5
Let u(w) = w**2 - 2*w. Let s(n) = -3*n**2 + 4*n + 12. Let z(m) = s(m) + 2*u(m). What is z(0)?
12
Let f be (-2)/8 - (27/(-12))/9. Let x(c) = c**2 - 27. Give x(f).
-27
Let h(c) = -c**3 + 8*c**2 - 10*c - 16. Let o be h(6). Let k(u) = -u**2 - 6*u - 6. Calculate k(o).
2
Let b(s) be the second derivative of -s**3/6 - s**2/2 - 3*s. Let p = -205 + 198. Determine b(p).
6
Let c(d) = -d**2 + d - 4. Let z = 6 + 13. Let o be (z - 20) + (-2)/1. Calculate c(o).
-16
Let c(t) be the first derivative of -t**3/3 - 5*t**2/2 + 5*t + 1091. Let w = 1 + -6. Give c(w).
5
Suppose -v = -10 + 96. Let p = -84 - v. Let t(m) be the third derivative of m**5/60 + m**4/6 - m**3/2 - m**2. Calculate t(p).
9
Let a = -79 - -73. Let l(m) = -7*m - 10. Let z(x) = -20*x - 32. Let i(j) = a*z(j) + 17*l(j). Give i(0).
22
Let o(n) = 6*n**3 - n**2 - 3*n - 4. Let j(a) = -5*a**3 + 2*a**2 + 2*a + 4. Let s(k) = 5*j(k) + 4*o(k). Suppose 28*i - 43*i = -90. Calculate s(i).
-8
Let l(s) be the second derivative of 7/2*s**2 + 0 - 26*s + 5/6*s**3 - 1/12*s**4. Give l(5).
7
Suppose -1 + 10 = 3*l. Suppose 0 = -2*m - 3*s + 4, -l*s = 4*m + 2*s - 6. Let w = -5 - m. Let v(p) = p**2 + 5*p - 4. What is v(w)?
-8
Let s(d) be the third derivative of d**7/840 - d**6/72 + d**5/120 + 5*d**4/24 + d**3/6 - 4*d**2. Let r(y) be the first derivative of s(y). Calculate r(5).
10
Let g be (0 + -6)*(-86)/(-4). Let z be (-1)/(g/(-33) + -4). Let r(p) = 8 + 2*p**3 - p**3 + 0*p - p - z - 2*p**2. Give r(3).
3
Suppose -3*x + 21 = -3*i, 2*i + 11 = 5*x - 33. Let y(q) = q**3 - 11*q**2 + 9*q + 6. What is y(x)?
-4
Supp